e a(-8).
8
Let i(v) = -v**3 + 89*v**2 + 469*v + 107. Calculate i(94).
13
Let n(o) = 8*o**2 - o + 11. Give n(1).
18
Let a(s) = -19*s**2 + 281*s + 3. Determine a(16).
-365
Let s(o) = o**3 - 3*o**2 + 9*o + 25. Give s(5).
120
Let x(k) = k**3 - 18*k**2 + 17*k + 29. Determine x(17).
29
Let k(n) = 2030*n - 14215. What is k(7)?
-5
Let s(j) = -2*j**3 + 86*j**2 + j + 43. Give s(43).
86
Let z(k) = 667*k - 2003. Give z(3).
-2
Let b(z) = -z**3 + 13*z**2 - 79*z + 8. Give b(7).
-251
Let r(v) = v**2 + 59*v + 146. Calculate r(-59).
146
Let b(h) = -261*h + 5713. Give b(22).
-29
Let g(x) = -42*x + 1. Determine g(2).
-83
Let w(v) = -4*v**2 - 135*v - 721. Calculate w(-27).
8
Let j(a) = 2*a**3 - 12*a**2 + 29*a - 301. Calculate j(7).
0
Let a(x) = x**2 - 8*x + 15. Determine a(10).
35
Let j(g) = g**3 + 103*g**2 - 428*g - 71. Give j(-107).
-71
Let s(w) = -256*w + 9. Give s(1).
-247
Let q(j) = -45*j - 14. Calculate q(7).
-329
Let c(j) = 57*j - 2805. Determine c(40).
-525
Let x(g) = 43*g**3 + g + 2. Determine x(-1).
-42
Let y(m) = 86*m - 846. Determine y(10).
14
Let h(g) = 15*g**2 - 141*g + 1. Determine h(8).
-167
Let v(x) = -x**3 - 35*x**2 - 2*x + 3. Calculate v(-35).
73
Let z(t) = t**3 + 6*t**2 - 11. Determine z(0).
-11
Let n(j) = 2*j + 31. Determine n(-20).
-9
Let h(t) = -38*t**2 - 344*t. What is h(-9)?
18
Let h(i) = 62*i**2 - 2*i + 1. Give h(1).
61
Let k(a) = -a**3 - 21*a**2 - 78*a. Calculate k(-13).
-338
Let g(v) = -524*v + 1751. What is g(4)?
-345
Let w(m) = -19*m**2 - 2*m - 16. Calculate w(-3).
-181
Let n(k) = -3*k**3 - 511*k**2 - 175*k - 856. Calculate n(-170).
-6
Let d(p) = -6*p**3 + 65*p**2 + 13*p + 3. Calculate d(11).
25
Let q(f) = 8731*f + 6. What is q(0)?
6
Let x(f) = 2*f**3 - 17*f**2 + 15*f - 9. What is x(6)?
-99
Let n(i) = i**3 - 63*i**2 + 60*i + 78. Calculate n(62).
-46
Let m(w) = w**3 - 26*w**2 + 44*w + 10. What is m(24)?
-86
Let i(z) = -z**3 + 69*z**2 - 892*z + 140. Calculate i(17).
4
Let s(g) = g**3 - 48*g**2 + 53*g - 289. What is s(47)?
-7
Let h(b) = -32*b + 2815. Determine h(88).
-1
Let d(x) = 7*x**2 - 32*x - 153. What is d(-3)?
6
Let h(u) = 2*u**3 - 39*u**2 + 4*u + 344. Calculate h(19).
59
Let k(y) = y**2 - 6. Give k(1).
-5
Let h(a) = a**3 + 46*a**2 - 86*a + 471. Calculate h(-48).
-9
Let c(d) = -d - 187. What is c(15)?
-202
Let j(l) = 16*l**2 - 156*l - 2379. Calculate j(18).
-3
Let h(s) = -5*s**2 - 218*s - 419. Determine h(-41).
114
Let k(a) = 151*a - 25. Calculate k(0).
-25
Let j(a) = -14*a + 58. Determine j(-4).
114
Let k(o) = 223*o**2 - 670*o - 5. Calculate k(3).
-8
Let z(m) = -5*m**3 + 54*m**2 + 78*m - 76. Determine z(12).
-4
Let s(y) = -y**2 - 13*y + 1015. Determine s(-39).
1
Let i(z) = -49*z**2 + 481*z + 482. Determine i(-1).
-48
Let y(a) = -a**3 - 8*a**2 - 15*a - 12. Calculate y(-7).
44
Let i(x) = 6*x**2 - 67*x - 691. What is i(-9)?
398
Let l(h) = 37*h - 1557. Determine l(42).
-3
Let a(g) = g**2 - 25*g + 155. What is a(14)?
1
Let r(h) = 5*h**2 + 850*h - 1700. Give r(2).
20
Let h(f) = -34*f**3 + f**2 - 17*f + 16. What is h(1)?
-34
Let c(x) = -x**3 + 9*x**2 + 120*x - 1090. Determine c(10).
10
Let s(j) = -4*j**2 - 35*j - 9. What is s(-10)?
-59
Let u(f) = -4*f**2 + 194*f - 1429. Determine u(9).
-7
Let m(y) = -2*y**2 - 81*y + 1470. Calculate m(16).
-338
Let j(g) = -g**2 - 8*g + 1. Calculate j(1).
-8
Let z(c) = -5*c**2 + 66*c + 339. Calculate z(-5).
-116
Let z(o) = 6*o**3 + 7*o**2 - 16*o + 6. Give z(3).
183
Let y(n) = -43*n - 5419. Determine y(-126).
-1
Let f(w) = 2*w**2 + 4*w - 637. What is f(17)?
9
Let h(i) = -11*i**2 - 315*i - 191. Determine h(-28).
5
Let n(q) = -5*q + 118. Calculate n(-44).
338
Let o(d) = -310*d - 17657. What is o(-57)?
13
Let l(j) = 101*j + 1245. Calculate l(-10).
235
Let d(p) = -6*p + 84. Determine d(5).
54
Let t(x) = 26*x - 46. Calculate t(-4).
-150
Let m(n) = -n**3 + 23*n**2 + 5*n - 270. Determine m(23).
-155
Let f(n) = 3*n**3 - 106*n**2 + 132*n + 134. What is f(34)?
-2
Let v(i) = -21*i**2 + 294*i - 294. Determine v(1).
-21
Let b(z) = -z + 76. Give b(32).
44
Let c(l) = l**3 - 17*l**2 - 21*l - 49. Give c(18).
-103
Let o(j) = 96*j - 1495. Give o(16).
41
Let h(l) = -l**3 + 14*l**2 - 26*l - 197. Calculate h(9).
-26
Let u(i) = 50*i + 380. Give u(-8).
-20
Let a(c) = -92*c**3 + 88*c**2 + 4*c - 2. Give a(1).
-2
Let b(y) = -y**2 - 35*y - 43. Calculate b(-34).
-9
Let v(w) = 592*w - 1786. What is v(3)?
-10
Let p(k) = 2*k**2 - k - 39908. Determine p(-141).
-5
Let l(u) = u**3 - 42*u**2 + 199*u - 346. Calculate l(37).
172
Let k(j) = 2*j**3 - 14*j**2 + 11*j + 14. Give k(6).
8
Let g(p) = p**2 - 2602*p + 18163. Calculate g(7).
-2
Let d(a) = 3*a - 398. Determine d(73).
-179
Let l(k) = k**3 - 24*k**2 - 32*k - 136. Calculate l(26).
384
Let q(t) = 2*t**3 + 70*t**2 - 61*t + 408. Determine q(-36).
12
Let o(c) = -c**3 - 53*c**2 + 1749*c - 59. Calculate o(23).
-36
Let d(n) = n**3 - 18*n**2 - 210*n + 42. Calculate d(26).
-10
Let u(j) = j**3 + 68*j**2 - 230*j + 58. Calculate u(3).
7
Let x(p) = 60*p + 1565. Calculate x(-26).
5
Let i(o) = -44*o - 3157. Determine i(-71).
-33
Let f(x) = -14*x**3 - x**2 - 67*x + 214. Calculate f(3).
-374
Let d(v) = 3948*v - 260568. What is d(66)?
0
Let n(a) = 31*a - 306. Give n(11).
35
Let y(p) = -1650*p**2 + 1679*p + 2. What is y(1)?
31
Let c(d) = 71*d - 5773. Calculate c(79).
-164
Let s(f) = -835*f + 52611. Give s(63).
6
Let q(z) = -59*z + 295. What is q(5)?
0
Let h(x) = x**3 - 6*x**2 + 5*x + 26. Give h(6).
56
Let x(d) = -d**3 - 18*d**2 + 398*d + 72. What is x(13)?
7
Let y(a) = 977*a + 11762. Calculate y(-12).
38
Let m(b) = 2*b**2 - 54*b - 32. Calculate m(27).
-32
Let s(h) = 2*h**3 + 114*h**2 + 90*h - 1219. Determine s(-56).
13
Let o(i) = -75*i + 6823. Determine o(91).
-2
Let p(k) = k**3 + 57*k**2 + 145*k - 62. What is p(-54)?
856
Let p(b) = -4*b**3 - 4*b**2 - 70*b + 296. What is p(4)?
-304
Let g(p) = p**3 + p**2 - 29*p - 6. What is g(5)?
-1
Let p(y) = 5*y**2 - 407*y - 1656. Calculate p(-4).
52
Let j(c) = -37*c**2 - 302*c + 304. Calculate j(1).
-35
Let j(x) = -3*x**2 - 11*x - 16. Give j(-5).
-36
Let m(d) = 2*d**3 - 25*d**2 + 24*d + 79. What is m(11)?
-20
Let n(g) = 4*g**2 + 112*g + 485. Determine n(-5).
25
Let w(v) = 5544*v - 11072. Give w(2).
16
Let t(g) = 2*g**2 - 4*g + 6. Give t(0).
6
Let r(y) = -144*y - 438. Calculate r(-3).
-6
Let o(q) = 17*q - 281. Calculate o(22).
93
Let y(s) = -142*s - 1582. What is y(-11)?
-20
Let m(p) = -2*p**2 - 9*p + 22. Calculate m(3).
-23
Let q(r) = -43*r - 541. What is q(-13)?
18
Let b(d) = 937*d + 2826. Calculate b(-3).
15
Let u(s) = -98*s - 1383. What is u(-16)?
185
Let u(h) = -257*h + 252. Calculate u(1).
-5
Let h(p) = 166*p + 702. Determine h(-4).
38
Let t(r) = -34*r + 166. Determine t(4).
30
Let i(s) = 155*s + 2190. Calculate i(-14).
20
Let v(r) = -22*r - 20. Calculate v(-3).
46
Let f(w) = -w**3 - 29*w**2 - 52*w - 1. Give f(-27).
-55
Let k(j) = 2*j**3 - j**2 + 6*j - 19. Calculate k(2).
5
Let l(p) = 84*p - 7304. What is l(87)?
4
Let z(q) = -2*q**2 - 31*q + 249. Calculate z(-29).
-534
Let h(z) = -z**3 + 23*z**2 + 24*z - 537. Determine h(23).
15
Let x(r) = -350*r - 12622. Give x(-36).
-22
Let z(u) = -u**3 - 9*u**2 + 85*u - 439. Give z(-16).
-7
Let y(c) = c**3 + 83*c**2 - 256*c + 174. What is y(-86)?
2
Let h(t) = -2287*t - 32016. Give h(-14).
2
Let s(h) = h**2 - 4*h - 187. Give s(-15).
98
Let o(u) = -104*u + 93. What is o(1)?
-11
Let w(o) = o**3 - 8*o**2 - 5*o + 23. What is w(8)?
-17
Let p(h) = -349*h**2 + 4*h - 5. What is p(1)?
-350
Let u(c) = -24*c - 729. Calculate u(-29).
-33
Let r(p) = -2*p**3 - 13*p**2 - 14. Give r(-7).
35
Let l(u) = 2*u**3 + 29*u**2 - 6*u - 8. Calculate l(-15).
-143
Let m(i) = -1191*i + 7153. Determine m(6).
7
Let r(w) = -3*w**2 - 89*w - 655. Determine r(-15).
5
Let q(w) = 149*w + 125. Calculate q(-1).
-24
Let p(l) = 174*l**2 + 17*l - 16. What is p(1)?
175
Let f(r) = -350*r**2 + 65098*r + 382. Give f(186).
10
Let c(o) = 179*o + 16118. Calculate c(-90).
8
Let i(m) = -m**3 - 3*m**2 - 6*m + 38. Give i(-6).
182
Let i(v) = v**3 - 24*v**2 + 23*v + 5. Calculate i(10).
-1165
Let m(i) = -23*i + 522. Calculate m(23).
-7
Let q(d) = 2*d**3 - 144*d**2 - 167*d + 1516. Calculate q(73).
-17
Let h(c) = 2*c**3 - 194*c**2 - 204*c + 779. What is h(98)?
-5
Let r(u) = -96*u - 2882. What is r(-30)?
-2
Let i(s) = 117*s - 341. What is i(3)?
10
Let x(f) = 461*f + 2767. Determine x(-6).